 32271?
1041
Calculate the greatest common divisor of 3131 and 2110799.
101
What is the highest common factor of 26 and 21037393?
13
Calculate the highest common divisor of 5128407 and 765.
153
Calculate the greatest common factor of 21 and 410094.
3
Calculate the highest common divisor of 133470 and 44685.
45
Calculate the highest common divisor of 55 and 7025655.
5
What is the greatest common factor of 4 and 931868?
4
What is the highest common factor of 296866 and 345790?
302
What is the highest common divisor of 7578 and 70164?
18
What is the greatest common factor of 1991 and 65681?
11
What is the highest common factor of 21890 and 7126190?
1990
Calculate the highest common factor of 16336 and 838959784.
8168
What is the highest common factor of 132248 and 392408?
2168
What is the highest common factor of 3089268 and 4784?
1196
What is the greatest common divisor of 282667 and 891?
11
Calculate the greatest common factor of 3553831 and 27781.
2137
Calculate the highest common factor of 2792519 and 1403.
61
What is the highest common factor of 8 and 1506275?
1
What is the greatest common divisor of 1911889 and 112?
7
Calculate the greatest common factor of 83984 and 1263742.
362
What is the highest common factor of 5040 and 3022320?
1680
What is the highest common divisor of 1266 and 2229637?
211
What is the highest common factor of 93233910 and 330?
330
Calculate the greatest common divisor of 9485 and 15995.
35
What is the highest common divisor of 60151 and 31486?
91
Calculate the highest common factor of 428334893 and 5294.
2647
What is the highest common factor of 11482661 and 67?
67
What is the greatest common divisor of 24 and 99030528?
24
Calculate the highest common divisor of 15 and 22806741.
3
What is the greatest common divisor of 146 and 5113285?
73
Calculate the greatest common divisor of 137526 and 1524.
6
What is the greatest common factor of 38096669 and 9932?
2483
Calculate the highest common divisor of 156091 and 1469.
13
What is the greatest common divisor of 54999882 and 36?
18
What is the highest common factor of 17793 and 46311225?
1977
What is the greatest common divisor of 696 and 284331834?
174
Calculate the greatest common divisor of 3767419 and 713777.
4727
What is the greatest common factor of 111057426 and 8130?
1626
What is the highest common factor of 61 and 432263080?
61
What is the highest common factor of 16263 and 1690101?
1251
What is the greatest common factor of 2486888 and 72?
8
Calculate the highest common divisor of 84096225 and 18530.
545
Calculate the greatest common factor of 459 and 226012671.
153
What is the highest common divisor of 681 and 627252302?
227
What is the greatest common factor of 282 and 13614537?
141
Calculate the highest common divisor of 164 and 2770739.
41
What is the highest common factor of 2689235 and 195?
5
What is the highest common divisor of 961717364 and 388?
388
What is the highest common divisor of 22536 and 79645041?
2817
What is the highest common factor of 2618689 and 1773193?
11743
Calculate the highest common factor of 501 and 644948823.
501
Calculate the highest common divisor of 6461 and 4631543.
497
Calculate the highest common factor of 117532732 and 656.
164
Calculate the highest common factor of 1445969 and 307139.
3451
What is the greatest common factor of 1122607416 and 106?
106
Calculate the greatest common divisor of 144119330 and 32720.
4090
Calculate the greatest common divisor of 87589619 and 3367.
481
Calculate the highest common factor of 115 and 1711819183.
23
What is the greatest common divisor of 43329 and 2640?
33
Calculate the greatest common divisor of 3057690 and 11674.
898
What is the highest common divisor of 2814 and 47693548?
938
What is the greatest common factor of 26421398 and 101?
101
Calculate the greatest common divisor of 2421144 and 12672.
792
What is the greatest common factor of 95617466 and 602?
602
Calculate the highest common divisor of 124276984 and 104.
104
Calculate the greatest common factor of 6351924 and 60.
12
What is the highest common factor of 1286130 and 930?
30
Calculate the greatest common divisor of 27390926 and 35352.
982
What is the highest common divisor of 79 and 1200181114?
79
Calculate the highest common divisor of 1002 and 318761918.
334
What is the highest common factor of 2499 and 2154579?
147
What is the greatest common divisor of 448882145 and 410?
205
Calculate the greatest common factor of 19025 and 152275.
25
What is the greatest common divisor of 76 and 2187512?
4
What is the highest common divisor of 127477635 and 3?
3
What is the highest common divisor of 241550748 and 4860?
972
What is the greatest common divisor of 1841 and 664559?
7
What is the highest common divisor of 16722 and 1522?
2
Calculate the greatest common factor of 1200 and 282170400.
1200
Calculate the greatest common factor of 2097809 and 931.
133
Calculate the highest common divisor of 3904 and 9133408.
1952
What is the highest common divisor of 1029 and 302481753?
1029
What is the greatest common factor of 113317150 and 50?
50
What is the greatest common divisor of 1819 and 64434437?
1819
Calculate the greatest common divisor of 601 and 11497130.
601
What is the greatest common divisor of 125456 and 2528?
16
Calculate the highest common divisor of 2555 and 16877819.
511
What is the greatest common divisor of 258884 and 5058848?
4244
Calculate the greatest common divisor of 14966 and 100486.
2138
Calculate the highest common divisor of 245126052 and 144.
36
Calculate the greatest common divisor of 1362109 and 2821.
217
What is the greatest common factor of 6 and 24253461?
3
Calculate the highest common divisor of 12467 and 13993317.
1781
What is the greatest common factor of 26 and 8060689?
13
Calculate the greatest common divisor of 1686291 and 4416.
69
What is the highest common factor of 14040 and 70443?
27
What is the greatest common factor of 2603517 and 1470?
147
Calculate the highest common factor of 384940 and 58596.
76
Calculate the greatest common divisor of 995 and 77468113.
199
Calculate the greatest common divisor of 5677566 and 4017.
309
What is the highest common divisor of 978733097 and 538?
269
Calculate the greatest common divisor of 160 and 5271920.
80
What is the highest common divisor of 233861940 and 11120?
2780
Calculate the highest common factor of 1659 and 2371271.
7
What is the greatest common factor of 77 and 1416604?
7
Calculate the greatest common factor of 2288 and 14953432.
104
Calculate the greatest common factor of 708 and 829956.
12
What is the highest common divisor of 1203 and 28878?
3
Calculate the highest common factor of 16626 and 64770.
102
Calculate the greatest common divisor of 888 and 1917672.
24
Calculate the highest common factor of 56720 and 132557476.
2836
Calculate the greatest common factor of 198 and 125603786.
22
What is the greatest common factor of 57 and 31452885?
57
What is the highest common divisor of 28 and 6093794?
14
Calculate the greatest common divisor of 455 and 2015065.
65
Calculate the highest common factor of 627 and 46138.
1
Calculate the highest common divisor of 55962336 and 1632.
96
Calculate the highest common factor of 46786368 and 536.
536
Calculate the highest common factor of 286 and 669381713.
143
Calculate the highest common divisor of 426 and 95924550.
426
Calculate the greatest common divisor of 320200457 and 713.
713
Calculate the highest common divisor of 44076 and 14712.
12
What is the greatest common factor of 4194 and 105397317?
2097
Calculate the highest common divisor of 2420754479 and 39.
13
What is the highest common factor of 12087342 and 153?
9
What is the highest common factor of 2942 and 118?
2
Calculate the greatest common factor of 13222 and 169224.
22
What is the greatest common divisor of 2717 and 384241?
143
Calculate the highest common divisor of 11827574 and 231.
11
What is the greatest common factor of 374 and 43424579?
187
Calculate the greatest common factor of 1584155 and 5735.
185
What is the highest common factor of 54758 and 3505953?
1441
What is the greatest common factor of 1645 and 6407226?
7
What is the greatest common factor of 52419 and 207555?
303
Calculate the greatest common divisor of 145462626 and 18.
18